mon factor of 296 and 1103636?
148
Calculate the greatest common factor of 83832 and 109281.
1497
Calculate the highest common factor of 14701 and 366.
61
What is the greatest common factor of 303 and 7263?
3
What is the highest common factor of 1254 and 1268?
2
What is the highest common divisor of 32612 and 24?
4
What is the highest common factor of 364 and 1365?
91
What is the greatest common divisor of 220980 and 240?
60
What is the highest common factor of 148928 and 22464?
832
What is the highest common divisor of 9048 and 1740?
348
Calculate the greatest common factor of 805918 and 212.
106
Calculate the greatest common divisor of 812941 and 827.
827
Calculate the highest common divisor of 120 and 420735.
15
What is the greatest common factor of 737369 and 1198?
599
Calculate the greatest common divisor of 213 and 43807.
71
Calculate the greatest common divisor of 36 and 444564.
36
Calculate the greatest common factor of 138293 and 1066.
41
What is the greatest common divisor of 175 and 14275?
25
What is the highest common divisor of 767 and 135051?
59
Calculate the greatest common divisor of 469733 and 99.
11
Calculate the highest common factor of 1404 and 988.
52
What is the highest common factor of 52 and 45929?
13
Calculate the highest common factor of 192 and 2116.
4
Calculate the greatest common divisor of 138764 and 3684.
1228
Calculate the greatest common factor of 36 and 3415308.
12
What is the greatest common divisor of 13428 and 84298?
746
What is the greatest common divisor of 1755 and 3609?
9
Calculate the greatest common factor of 261 and 3123.
9
What is the highest common divisor of 69 and 393323?
23
What is the highest common factor of 433072 and 16?
16
What is the highest common divisor of 146566 and 4788?
266
What is the greatest common factor of 39952 and 16?
16
Calculate the greatest common factor of 360516 and 1716.
156
Calculate the greatest common divisor of 7984 and 724.
4
Calculate the greatest common divisor of 16184 and 154.
14
Calculate the greatest common factor of 21270 and 4.
2
Calculate the highest common factor of 13668 and 4692.
204
Calculate the greatest common divisor of 152 and 280544.
8
Calculate the greatest common factor of 12 and 96552.
12
What is the highest common factor of 560 and 7220?
20
What is the greatest common divisor of 6303 and 34953?
573
Calculate the greatest common divisor of 91882 and 1218.
14
What is the highest common divisor of 516 and 378099?
129
What is the highest common factor of 65478 and 98?
14
What is the highest common factor of 174 and 30189?
87
What is the greatest common divisor of 119912 and 104?
104
What is the greatest common factor of 6 and 69771?
3
Calculate the highest common factor of 208152 and 63.
63
What is the greatest common factor of 7132 and 252?
4
Calculate the highest common factor of 2199 and 123.
3
What is the highest common factor of 6024 and 72?
24
Calculate the greatest common factor of 4425093 and 9.
9
What is the highest common divisor of 61536 and 186531?
1923
What is the greatest common divisor of 1200 and 422900?
100
What is the highest common divisor of 42 and 9268?
14
Calculate the greatest common divisor of 594 and 62029.
11
Calculate the highest common divisor of 2184 and 34437.
39
What is the highest common factor of 247416 and 2196?
732
What is the highest common divisor of 29108 and 35619?
383
What is the highest common divisor of 54827 and 872?
109
What is the greatest common factor of 4811217 and 699?
699
Calculate the highest common divisor of 27119 and 235.
47
Calculate the highest common divisor of 3924 and 1041495.
327
What is the highest common divisor of 224433 and 99?
99
Calculate the highest common factor of 6000 and 11760.
240
Calculate the greatest common divisor of 5535152 and 73.
73
What is the greatest common factor of 24101 and 539?
77
What is the highest common divisor of 185193 and 189?
27
What is the highest common factor of 823 and 1339021?
823
Calculate the greatest common divisor of 15311 and 2.
1
What is the greatest common factor of 24983 and 210322?
581
What is the greatest common divisor of 114 and 635322?
114
What is the greatest common factor of 15179 and 33535?
353
Calculate the greatest common divisor of 11855 and 20.
5
Calculate the greatest common factor of 107429 and 447.
149
Calculate the greatest common divisor of 1485 and 196317.
297
Calculate the highest common factor of 4508 and 1148.
28
Calculate the highest common divisor of 173750 and 2250.
250
Calculate the greatest common divisor of 221 and 88366.
17
What is the highest common factor of 215 and 11734270?
215
Calculate the greatest common factor of 1176 and 4648.
56
What is the greatest common factor of 801 and 152991?
801
Calculate the highest common divisor of 524 and 14304.
4
Calculate the greatest common factor of 3680 and 200.
40
What is the greatest common divisor of 1189 and 957?
29
Calculate the greatest common divisor of 920 and 19205.
115
What is the highest common divisor of 306 and 82671?
51
Calculate the highest common factor of 3735 and 134.
1
What is the highest common divisor of 7650 and 2625?
75
What is the greatest common divisor of 84 and 4676?
28
Calculate the highest common factor of 2829309 and 133.
133
What is the greatest common factor of 37088 and 2033?
19
Calculate the highest common factor of 184982 and 42924.
1022
What is the highest common factor of 368 and 778711?
23
What is the highest common factor of 118950 and 78?
78
Calculate the highest common factor of 6674 and 284.
142
What is the highest common divisor of 686 and 427?
7
What is the highest common factor of 71 and 289112?
71
What is the greatest common divisor of 16912 and 5436?
604
Calculate the highest common factor of 1024 and 5648.
16
Calculate the greatest common divisor of 420 and 809220.
60
Calculate the greatest common factor of 3616 and 1920.
32
What is the highest common divisor of 584 and 424?
8
Calculate the highest common divisor of 340 and 1795.
5
What is the highest common divisor of 1380 and 469080?
60
What is the greatest common factor of 312 and 544?
8
What is the highest common divisor of 68117 and 1332?
37
What is the highest common divisor of 14584 and 152?
8
Calculate the highest common factor of 711708 and 24.
12
What is the greatest common divisor of 93429 and 1449?
63
What is the highest common factor of 67732 and 630?
14
Calculate the greatest common factor of 281304 and 216.
72
What is the greatest common divisor of 53608 and 1096?
8
Calculate the greatest common divisor of 17928 and 142344.
216
What is the greatest common factor of 5830 and 5035?
265
What is the highest common factor of 3201987 and 3?
3
What is the greatest common divisor of 160 and 1626848?
32
Calculate the highest common divisor of 7747 and 127.
127
What is the highest common divisor of 133 and 147079?
19
Calculate the highest common divisor of 308 and 38108.
28
Calculate the highest common divisor of 66 and 371283.
33
What is the highest common factor of 2024 and 2139?
23
Calculate the greatest common factor of 576 and 556.
4
What is the greatest common divisor of 3203 and 56?
1
Calculate the highest common factor of 36867 and 3.
3
Calculate the highest common factor of 63 and 297899.
7
What is the greatest common factor of 10054 and 143?
11
Calculate the greatest common factor of 2525 and 245.
5
What is the greatest common divisor of 18718 and 6?
2
What is the greatest common divisor of 4006 and 12?
2
Calculate the highest common divisor of 5761 and 62548.
823
Calculate the greatest common divisor of 13646290 and 70.
70
What is the greatest common factor of 4913283 and 46?
23
What is the greatest common factor of 17136 and 1575?
63
Calculate the highest common factor of 39 and 7313436.
39
Calculate the greatest common factor of 291993 and 39.
39
Calculate the highest common divisor of 528 and 61908.
132
Calculate the highest common factor of 152 and 221046.
38
What is the greatest common divisor of 143 and 2549976?
143
What is the highest common factor of 152144 and 16?
16
What is the greatest common factor of 188154 and 72?
18
Calculate the highest common factor of 920 and 116360.
40
What is the highest common divisor of 4 and 193654?
2
What is the hig